{"id":1359,"date":"2023-06-01T13:51:20","date_gmt":"2023-06-01T13:51:20","guid":{"rendered":"https:\/\/hotel-audotel.com\/?page_id=1359"},"modified":"2024-09-22T08:56:15","modified_gmt":"2024-09-22T08:56:15","slug":"mentions-legales","status":"publish","type":"page","link":"https:\/\/hotel-audotel.com\/index.php\/mentions-legales\/","title":{"rendered":"Mentions l\u00e9gales"},"content":{"rendered":"\n<div class=\"et_pb_module et_pb_text et_pb_text_0 et_pb_bg_layout_light  et_pb_text_align_left\">\n<div class=\"et_pb_text_inner\">\n<h2><strong>Propri\u00e9taire<\/strong><\/h2>\n<\/div>\n<\/div>\n<div class=\"et_pb_module et_pb_text et_pb_text_1 et_pb_bg_layout_light  et_pb_text_align_left\">\n<div class=\"et_pb_text_inner\">\n\n<span>D\u00e9nomination sociale : SAS THANJO<br>\nForme juridique : Soci\u00e9t\u00e9 par Actions Simplifi\u00e9e- S.A.S<br>\nSi\u00e8ge social : Route Nationale 113 \u2013 11000 CARCASSONNE<br>\nAdresse de l&rsquo;\u00e9tablissement : Route Nationale 113 \u2013 11000 CARCASSONNE<br>\nMontant du capital social : 50.000 \u20ac<br>\nNum\u00e9ro de SIRET : 812 618 635 000 13<br>\nCode APE : 5510Z \u2013 H\u00f4tels et h\u00e9bergement similaires<br>\nNum\u00e9ro de TVA intra communautaire : FR22812618635<br>\nDirecteur de la publication du site web : Mr Jos\u00e9 DA CRUZ<br>\nAgissant en qualit\u00e9 de : Pr\u00e9sident de la S.A.S.<br>\nNum\u00e9ro de t\u00e9l\u00e9phone : +33 (0)4 68 79 83 30 <br>\nE-mail : contact@hotel-audotel.com \n<\/span>\n\n&nbsp;\n\n&nbsp;\n\n<\/div>\n<\/div>\n<div class=\"et_pb_module et_pb_text et_pb_text_2 et_pb_bg_layout_light  et_pb_text_align_left\">\n<div class=\"et_pb_text_inner\">\n<h2><strong>Responsable de la publication<\/strong><\/h2>\n<\/div>\n<\/div>\n<div class=\"et_pb_module et_pb_text et_pb_text_3 et_pb_bg_layout_light  et_pb_text_align_left\">\n<div class=\"et_pb_text_inner\">\n\n<span>Aud\u00f4tel Carcassonne<\/span><br>\n\n<span>113 Route Nationale<\/span><br>\n<span>11000 Carcassonne<\/span><br>\n<span>France<\/span>\n\n<\/div>\n<\/div>\n<div class=\"et_pb_module et_pb_text et_pb_text_4 et_pb_bg_layout_light  et_pb_text_align_left\">\n<div class=\"et_pb_text_inner\">\n<h2><strong>H\u00e9bergement<\/strong><\/h2>\n<\/div>\n<\/div>\n<div class=\"et_pb_module et_pb_text et_pb_text_5 et_pb_bg_layout_light  et_pb_text_align_left\">\n<div class=\"et_pb_text_inner\">\n\n<a href=\"https:\/\/www.ataraxie.fr\/\" target=\"_blank\" rel=\"noopener noreferrer\">Ataraxie<\/a><br>\n\n<br><span>Si\u00e8ge social : 80 All\u00e9e d&rsquo;I\u00e9na, <br>11000 Carcassonne<\/span>\n<span>\nMentions l\u00e9gales et donn\u00e9es relatives \u00e0 l&rsquo;h\u00e9bergement du site web<br>\nD\u00e9nomination sociale : ATARAXIE<br>\nForme juridique : Soci\u00e9t\u00e9 par Actions Simplifi\u00e9es \u00e0 Associ\u00e9 Unique &#8211; S.A.S.U.<br>\nSi\u00e8ge social : 80 all\u00e9e d\u2019I\u00e9na 11000 CARCASSONNE<br>\nNum\u00e9ro de SIRET : 41973417300026<br>\nCode APE : 61.90Z<br>\nNum\u00e9ro de TVA intra communautaire : FR77804904696<br>\nDirecteur de la publication du site web : Mr David MOSSE<br>\nAgissant en qualit\u00e9 de : Pr\u00e9sident de la S.A.S.U.<br>\nNum\u00e9ro de t\u00e9l\u00e9phone : +33 (0)4 68 11 46 28 <br>\nE-mail : contact@ataraxie.fr <br>\n<\/span>\n\n<\/div>\n<\/div>\n<div class=\"et_pb_module et_pb_text et_pb_text_6 et_pb_bg_layout_light  et_pb_text_align_left\">\n<div class=\"et_pb_text_inner\">\n<h2><strong>R\u00e9alisation<\/strong><\/h2>\n<\/div>\n<\/div>\n<div class=\"et_pb_module et_pb_text et_pb_text_7 et_pb_bg_layout_light  et_pb_text_align_left\">\n<div class=\"et_pb_text_inner\">\n<a href=\"https:\/\/www.ataraxie.fr\/\" target=\"_blank\" rel=\"noopener noreferrer\">Ataraxie<\/a><br>\n\n<span>Si\u00e8ge social : <br>80 All\u00e9e d&rsquo;I\u00e9na, <br>11000 Carcassonne<\/span><br><br>\n\nDAVID REINA CR\u00c9ATIONS<br>\n\n<a href=\"https:\/\/davidreina.fr\/\" target=\"_blank\" rel=\"noopener noreferrer\">https:\/\/davidreina.fr<\/a><br>\n\n<br>\n<\/div>\n<\/div>\n<div class=\"et_pb_module et_pb_text et_pb_text_8 et_pb_bg_layout_light  et_pb_text_align_left\">\n<div class=\"et_pb_text_inner\">\n<h2><span>Propri\u00e9t\u00e9 Intellectuelle<\/span><\/h2>\n<\/div>\n<\/div>\n<div class=\"et_pb_module et_pb_text et_pb_text_9 et_pb_bg_layout_light  et_pb_text_align_justified\">\n<div class=\"et_pb_text_inner\">L\u2019acc\u00e8s au site<span> <\/span><a href=\"https:\/\/hotel-audotel.com\/\">http:\/\/www.hotel-audotel.com<\/a>  vous conf\u00e8re un droit d\u2019usage priv\u00e9 et non exclusif de ce site. L\u2019ensemble des \u00e9l\u00e9ments \u00e9dit\u00e9s sur ce site, incluant notamment les textes, photographies, infographies, logos, marques\u2026 constituent des \u0153uvres au sens du code de la Propri\u00e9t\u00e9 Intellectuelle. En cons\u00e9quence, toute repr\u00e9sentation ou reproduction, int\u00e9grale ou partielle, qui pourrait \u00eatre faite sans le consentement de leurs auteurs ou de leurs ayants droit, est illicite. Tout lien hypertexte renvoyant vers notre site devra faire l\u2019objet d\u2019une autorisation sp\u00e9cifique pr\u00e9alable. Pour l\u2019obtenir, vous pouvez envoyer un mail \u00e0 <span><a href=\"mailto:hotel-audotel.com\">hotel-audotel.com<\/a><\/span><\/div>\n<div class=\"et_pb_text_inner\">\n\n<br>\n<\/div>\n<\/div>\n<div class=\"et_pb_module et_pb_text et_pb_text_10 et_pb_bg_layout_light  et_pb_text_align_left\">\n<div class=\"et_pb_text_inner\">\n<h2><span>Description des services fournis<\/span><\/h2>\n<\/div>\n<\/div>\n<div class=\"et_pb_module et_pb_text et_pb_text_11 et_pb_bg_layout_light  et_pb_text_align_justified\">\n<div class=\"et_pb_text_inner\">\n\nLe site <a href=\"http:\/\/www.hotel-audotel.com\/\">http:\/\/www.hotel-audotel.com\/<\/a>  a pour objet de fournir une information concernant l\u2019ensemble des activit\u00e9s de la soci\u00e9t\u00e9.\n\n<span>Audotel<\/span><span> <\/span>s\u2019efforce de fournir sur le site<span> <a href=\"http:\/\/www.hotel-audotel.com\/\">http:\/\/www.hotel-audotel.com<\/a> <\/span>des informations aussi pr\u00e9cises que possible. Toutefois, il ne pourra \u00eatre tenue responsable des omissions, des inexactitudes et des carences dans la mise \u00e0 jour, qu\u2019elles soient de son fait ou du fait des tiers partenaires qui lui fournissent ces informations.\n\nTous les informations indiqu\u00e9es sur le site<span> <a href=\"http:\/\/www.hotel-audotel.com\/\">www.hotel-audotel.com<\/a>  <\/span>sont donn\u00e9es \u00e0 titre indicatif, et sont susceptibles d\u2019\u00e9voluer. Par ailleurs, les renseignements figurant sur le site<span> <a href=\"http:\/\/www.hotel-audotel.com\/\">www.hotel-audotel.com<\/a><\/span>ne sont pas exhaustifs. Ils sont donn\u00e9s sous r\u00e9serve de modifications ayant \u00e9t\u00e9 apport\u00e9es depuis leur mise en ligne.\n\n<\/div>\n<br>\n<\/div>\n<div class=\"et_pb_module et_pb_text et_pb_text_12 et_pb_bg_layout_light  et_pb_text_align_left\">\n<div class=\"et_pb_text_inner\">\n\n\n<h2>Gestion des donn\u00e9es personnelles.<\/h2>\nEn France, les donn\u00e9es personnelles sont notamment prot\u00e9g\u00e9es par la loi n\u00b0 78-87 du 6 janvier 1978, la loi n\u00b0 2004-801 du 6 ao\u00fbt 2004, l\u2019article L. 226-13 du Code p\u00e9nal et la Directive Europ\u00e9enne du 24 octobre 1995.\n\nA l\u2019occasion de l\u2019utilisation du site<span> <a href=\"http:\/\/www.hotel-audotel.com\/\">www.hotel-audotel.com<\/a> <\/span>, peuvent \u00eatres recueillies : l\u2019URL des liens par l\u2019interm\u00e9diaire desquels l\u2019utilisateur a acc\u00e9d\u00e9 au site<span> <a href=\"http:\/\/www.hotel-audotel.com\/\">www.hotel-audotel.com<\/a> <\/span>, le fournisseur d\u2019acc\u00e8s de l\u2019utilisateur, l\u2019adresse de protocole Internet (IP) de l\u2019utilisateur.\n\nEn tout \u00e9tat de cause le site <a href=\"http:\/\/www.hotel-audotel.com\/\">www.hotel-audotel.com<\/a><span> <\/span>ne collecte des informations personnelles relatives \u00e0 l\u2019utilisateur que pour le besoin de certains services propos\u00e9s par le site<span> <a href=\"http:\/\/www.hotel-audotel.com\/\">www.hotel-audotel.com<\/a> <\/span>. L\u2019utilisateur fournit ces informations en toute connaissance de cause, notamment lorsqu\u2019il proc\u00e8de par lui-m\u00eame \u00e0 leur saisie. Il est alors pr\u00e9cis\u00e9 \u00e0 l\u2019utilisateur du site<span> <a href=\"http:\/\/www.hotel-audotel.com\/\">www.hotel-audotel.com<\/a> <\/span>l\u2019obligation ou non de fournir ces informations.\n\nConform\u00e9ment aux dispositions des articles 38 et suivants de la loi 78-17 du 6 janvier 1978 relative \u00e0 l\u2019informatique, aux fichiers et aux libert\u00e9s, tout utilisateur dispose d\u2019un droit d\u2019acc\u00e8s, de rectification et d\u2019opposition aux donn\u00e9es personnelles le concernant, en effectuant sa demande \u00e9crite et sign\u00e9e, accompagn\u00e9e d\u2019une copie du titre d\u2019identit\u00e9 avec signature du titulaire de la pi\u00e8ce, en pr\u00e9cisant l\u2019adresse \u00e0 laquelle la r\u00e9ponse doit \u00eatre envoy\u00e9e.\n\nAucune information personnelle de l\u2019utilisateur du site<span> <a href=\"http:\/\/www.hotel-audotel.com\/\">www.hotel-audotel.com<\/a> <\/span><span> <\/span>n\u2019est publi\u00e9e \u00e0 l\u2019insu de l\u2019utilisateur, \u00e9chang\u00e9e, transf\u00e9r\u00e9e, c\u00e9d\u00e9e ou vendue sur un support quelconque \u00e0 des tiers.\n\nLe site n\u2019est pas d\u00e9clar\u00e9 \u00e0 la CNIL car il ne recueille pas d\u2019informations personnelles. .\n\nLes bases de donn\u00e9es sont prot\u00e9g\u00e9es par les dispositions de la loi du 1er juillet 1998 transposant la directive 96\/9 du 11 mars 1996 relative \u00e0 la protection juridique des bases de donn\u00e9es.\n\n&nbsp;\n\n<br>\n<h2>M\u00e9diation<\/h2>\n\n<div class=\"et_pb_module et_pb_text et_pb_text_13 et_pb_bg_layout_light  et_pb_text_align_justified\">\n<div class=\"et_pb_text_inner\"><br>\n<h4><strong>En cas de litige<\/strong><\/h4>\nApr\u00e8s avoir saisi le service contentieux, et \u00e0 d\u00e9faut de r\u00e9ponse satisfaisante dans un\nd\u00e9lai de 1 mois, le client peut saisir le M\u00e9diateur du Tourisme et du Voyage, dont les\ncoordonn\u00e9es figurent ci-apr\u00e8s :<br>\nAdresse postale :<br> M\u00e9diation Tourisme et Voyage\nBP 80 303 75 823\nParis Cedex 17<br>\nSite internet : www.mtv.travel\n<br><br>\n<h2><span>Politique d\u2019utilisation des cookies<\/span><\/h2>\n<\/div>\n<\/div>\n<div class=\"et_pb_module et_pb_text et_pb_text_13 et_pb_bg_layout_light  et_pb_text_align_justified\">\n<div class=\"et_pb_text_inner\"><br>\n<h4><strong>Qu\u2019est-ce qu\u2019un cookie ?<\/strong><\/h4>\nUn cookie est une information d\u00e9pos\u00e9e, par votre navigateur, sur votre ordinateur (ou p\u00e9riph\u00e9rique portable), \u00e0 la demande des sites (et autres serveurs Web avec lesquels ils interagissent) que vous visitez. Il contient plusieurs donn\u00e9es d\u2019identification et de navigation, stock\u00e9es dans un fichier.\n<br><br>\n<h4><strong>Les cookies utilis\u00e9s sur notre site<\/strong><\/h4>\n<strong>Cookies de mesure d\u2019audience<\/strong><span> <\/span>\u00e9mis par Google Analytics : les informations collect\u00e9es gr\u00e2ce \u00e0 ces cookies nous permettent notamment de mesurer le nombre de visites, le parcours et les int\u00e9r\u00eats de nos visiteurs, ainsi que leur fr\u00e9quence de retour. Nous utilisons ces donn\u00e9es afin d\u2019am\u00e9liorer nos contenus. Ces cookies ne permettent pas d\u2019identifier personnellement nos visiteurs.\n<h4><strong>Le param\u00e9trage des cookies<\/strong><\/h4>\nEn poursuivant votre navigation sur notre site, vous acceptez express\u00e9ment l\u2019utilisation des cookies d\u00e9taill\u00e9s ci-dessus\n\nVous pouvez cependant choisir de les d\u00e9sactiver \u00e0 tout moment en param\u00e9trant votre navigateur. Les r\u00e8gles de param\u00e9trage des cookies varient selon les navigateurs. Pour conna\u00eetre leur fonctionnement et les personnaliser, rendez-vous dans le menu d\u2019aide de votre navigateur.\n\nAttention : tout param\u00e9trage entrepris sur votre navigateur Web, concernant l\u2019acceptation ou le refus des cookies, sera susceptible de modifier votre navigation sur Internet et sur notre site, ainsi que vos conditions d\u2019acc\u00e8s \u00e0 certains services n\u00e9cessitant l\u2019utilisation de ces m\u00eames cookies.\n\n<\/div>\n<\/div><\/div><\/div>\n","protected":false},"excerpt":{"rendered":"<p>Propri\u00e9taire D\u00e9nomination sociale : SAS THANJO Forme juridique : Soci\u00e9t\u00e9 par Actions Simplifi\u00e9e- S.A.S Si\u00e8ge social : Route Nationale 113 \u2013 11000 CARCASSONNE Adresse de l&rsquo;\u00e9tablissement : Route Nationale 113 \u2013 11000 CARCASSONNE Montant du capital social : 50.000 \u20ac Num\u00e9ro de SIRET : 812 618 635 000 13 Code APE : 5510Z \u2013 H\u00f4tels [&hellip;]<\/p>\n","protected":false},"author":3,"featured_media":702,"parent":0,"menu_order":0,"comment_status":"closed","ping_status":"closed","template":"","meta":{"ngg_post_thumbnail":0,"footnotes":""},"class_list":["post-1359","page","type-page","status-publish","has-post-thumbnail","hentry"],"yoast_head":"<!-- This site is optimized with the Yoast SEO plugin v23.5 - https:\/\/yoast.com\/wordpress\/plugins\/seo\/ -->\n<title>HOTEL AUDOTEL CARCASSONNE 2 ETOILES HOTEL PAS CHER<\/title>\n<meta name=\"description\" content=\"Mentions l\u00e9gales site Audotel, H\u00f4tel proche de la cit\u00e9 m\u00e9di\u00e9vale de Carcassonne dans l&#039;Aude et du Canal du midi.\" \/>\n<meta name=\"robots\" content=\"index, follow, max-snippet:-1, max-image-preview:large, max-video-preview:-1\" \/>\n<link rel=\"canonical\" href=\"https:\/\/hotel-audotel.com\/index.php\/mentions-legales\/\" \/>\n<meta property=\"og:locale\" content=\"fr_FR\" \/>\n<meta property=\"og:type\" content=\"article\" \/>\n<meta property=\"og:title\" content=\"HOTEL AUDOTEL CARCASSONNE 2 ETOILES HOTEL PAS CHER\" \/>\n<meta property=\"og:description\" content=\"Mentions l\u00e9gales site Audotel, H\u00f4tel proche de la cit\u00e9 m\u00e9di\u00e9vale de Carcassonne dans l&#039;Aude et du Canal du midi.\" \/>\n<meta property=\"og:url\" content=\"https:\/\/hotel-audotel.com\/index.php\/mentions-legales\/\" \/>\n<meta property=\"og:site_name\" content=\"HOTEL AUDOTEL CARCASSONNE 2 ETOILES HOTEL PAS CHER\" \/>\n<meta property=\"article:publisher\" content=\"https:\/\/www.facebook.com\/audotel\/\" \/>\n<meta property=\"article:modified_time\" content=\"2024-09-22T08:56:15+00:00\" \/>\n<meta property=\"og:image\" content=\"https:\/\/hotel-audotel.com\/wp-content\/uploads\/2022\/02\/logo.png\" \/>\n\t<meta property=\"og:image:width\" content=\"269\" \/>\n\t<meta property=\"og:image:height\" content=\"197\" \/>\n\t<meta property=\"og:image:type\" content=\"image\/png\" \/>\n<meta name=\"twitter:card\" content=\"summary_large_image\" \/>\n<meta name=\"twitter:label1\" content=\"Dur\u00e9e de lecture estim\u00e9e\" \/>\n\t<meta name=\"twitter:data1\" content=\"5 minutes\" \/>\n<script type=\"application\/ld+json\" class=\"yoast-schema-graph\">{\"@context\":\"https:\/\/schema.org\",\"@graph\":[{\"@type\":\"WebPage\",\"@id\":\"https:\/\/hotel-audotel.com\/index.php\/mentions-legales\/\",\"url\":\"https:\/\/hotel-audotel.com\/index.php\/mentions-legales\/\",\"name\":\"HOTEL AUDOTEL CARCASSONNE 2 ETOILES HOTEL PAS CHER\",\"isPartOf\":{\"@id\":\"https:\/\/hotel-audotel.com\/#website\"},\"primaryImageOfPage\":{\"@id\":\"https:\/\/hotel-audotel.com\/index.php\/mentions-legales\/#primaryimage\"},\"image\":{\"@id\":\"https:\/\/hotel-audotel.com\/index.php\/mentions-legales\/#primaryimage\"},\"thumbnailUrl\":\"https:\/\/hotel-audotel.com\/wp-content\/uploads\/2022\/02\/logo.png\",\"datePublished\":\"2023-06-01T13:51:20+00:00\",\"dateModified\":\"2024-09-22T08:56:15+00:00\",\"description\":\"Mentions l\u00e9gales site Audotel, H\u00f4tel proche de la cit\u00e9 m\u00e9di\u00e9vale de Carcassonne dans l'Aude et du Canal du midi.\",\"breadcrumb\":{\"@id\":\"https:\/\/hotel-audotel.com\/index.php\/mentions-legales\/#breadcrumb\"},\"inLanguage\":\"fr-FR\",\"potentialAction\":[{\"@type\":\"ReadAction\",\"target\":[\"https:\/\/hotel-audotel.com\/index.php\/mentions-legales\/\"]}]},{\"@type\":\"ImageObject\",\"inLanguage\":\"fr-FR\",\"@id\":\"https:\/\/hotel-audotel.com\/index.php\/mentions-legales\/#primaryimage\",\"url\":\"https:\/\/hotel-audotel.com\/wp-content\/uploads\/2022\/02\/logo.png\",\"contentUrl\":\"https:\/\/hotel-audotel.com\/wp-content\/uploads\/2022\/02\/logo.png\",\"width\":269,\"height\":197,\"caption\":\"Logo Audotel Hotel Carcassonne proche de la cit\u00e9 m\u00e9di\u00e9vale de Carcassonne Aude France\"},{\"@type\":\"BreadcrumbList\",\"@id\":\"https:\/\/hotel-audotel.com\/index.php\/mentions-legales\/#breadcrumb\",\"itemListElement\":[{\"@type\":\"ListItem\",\"position\":1,\"name\":\"Home\",\"item\":\"https:\/\/hotel-audotel.com\/\"},{\"@type\":\"ListItem\",\"position\":2,\"name\":\"Mentions l\u00e9gales\"}]},{\"@type\":\"WebSite\",\"@id\":\"https:\/\/hotel-audotel.com\/#website\",\"url\":\"https:\/\/hotel-audotel.com\/\",\"name\":\"HOTEL AUDOTEL CARCASSONNE 2 ETOILES HOTEL PAS CHER\",\"description\":\"Audotel\",\"publisher\":{\"@id\":\"https:\/\/hotel-audotel.com\/#organization\"},\"potentialAction\":[{\"@type\":\"SearchAction\",\"target\":{\"@type\":\"EntryPoint\",\"urlTemplate\":\"https:\/\/hotel-audotel.com\/?s={search_term_string}\"},\"query-input\":{\"@type\":\"PropertyValueSpecification\",\"valueRequired\":true,\"valueName\":\"search_term_string\"}}],\"inLanguage\":\"fr-FR\"},{\"@type\":\"Organization\",\"@id\":\"https:\/\/hotel-audotel.com\/#organization\",\"name\":\"HOTEL AUDOTEL\",\"url\":\"https:\/\/hotel-audotel.com\/\",\"logo\":{\"@type\":\"ImageObject\",\"inLanguage\":\"fr-FR\",\"@id\":\"https:\/\/hotel-audotel.com\/#\/schema\/logo\/image\/\",\"url\":\"https:\/\/hotel-audotel.com\/wp-content\/uploads\/2022\/02\/logo.png\",\"contentUrl\":\"https:\/\/hotel-audotel.com\/wp-content\/uploads\/2022\/02\/logo.png\",\"width\":269,\"height\":197,\"caption\":\"HOTEL AUDOTEL\"},\"image\":{\"@id\":\"https:\/\/hotel-audotel.com\/#\/schema\/logo\/image\/\"},\"sameAs\":[\"https:\/\/www.facebook.com\/audotel\/\",\"https:\/\/www.instagram.com\/audotelcarcassonne\/\",\"https:\/\/www.linkedin.com\/company\/audotel-sarl\/\"]}]}<\/script>\n<!-- \/ Yoast SEO plugin. -->","yoast_head_json":{"title":"HOTEL AUDOTEL CARCASSONNE 2 ETOILES HOTEL PAS CHER","description":"Mentions l\u00e9gales site Audotel, H\u00f4tel proche de la cit\u00e9 m\u00e9di\u00e9vale de Carcassonne dans l'Aude et du Canal du midi.","robots":{"index":"index","follow":"follow","max-snippet":"max-snippet:-1","max-image-preview":"max-image-preview:large","max-video-preview":"max-video-preview:-1"},"canonical":"https:\/\/hotel-audotel.com\/index.php\/mentions-legales\/","og_locale":"fr_FR","og_type":"article","og_title":"HOTEL AUDOTEL CARCASSONNE 2 ETOILES HOTEL PAS CHER","og_description":"Mentions l\u00e9gales site Audotel, H\u00f4tel proche de la cit\u00e9 m\u00e9di\u00e9vale de Carcassonne dans l'Aude et du Canal du midi.","og_url":"https:\/\/hotel-audotel.com\/index.php\/mentions-legales\/","og_site_name":"HOTEL AUDOTEL CARCASSONNE 2 ETOILES HOTEL PAS CHER","article_publisher":"https:\/\/www.facebook.com\/audotel\/","article_modified_time":"2024-09-22T08:56:15+00:00","og_image":[{"width":269,"height":197,"url":"https:\/\/hotel-audotel.com\/wp-content\/uploads\/2022\/02\/logo.png","type":"image\/png"}],"twitter_card":"summary_large_image","twitter_misc":{"Dur\u00e9e de lecture estim\u00e9e":"5 minutes"},"schema":{"@context":"https:\/\/schema.org","@graph":[{"@type":"WebPage","@id":"https:\/\/hotel-audotel.com\/index.php\/mentions-legales\/","url":"https:\/\/hotel-audotel.com\/index.php\/mentions-legales\/","name":"HOTEL AUDOTEL CARCASSONNE 2 ETOILES HOTEL PAS CHER","isPartOf":{"@id":"https:\/\/hotel-audotel.com\/#website"},"primaryImageOfPage":{"@id":"https:\/\/hotel-audotel.com\/index.php\/mentions-legales\/#primaryimage"},"image":{"@id":"https:\/\/hotel-audotel.com\/index.php\/mentions-legales\/#primaryimage"},"thumbnailUrl":"https:\/\/hotel-audotel.com\/wp-content\/uploads\/2022\/02\/logo.png","datePublished":"2023-06-01T13:51:20+00:00","dateModified":"2024-09-22T08:56:15+00:00","description":"Mentions l\u00e9gales site Audotel, H\u00f4tel proche de la cit\u00e9 m\u00e9di\u00e9vale de Carcassonne dans l'Aude et du Canal du midi.","breadcrumb":{"@id":"https:\/\/hotel-audotel.com\/index.php\/mentions-legales\/#breadcrumb"},"inLanguage":"fr-FR","potentialAction":[{"@type":"ReadAction","target":["https:\/\/hotel-audotel.com\/index.php\/mentions-legales\/"]}]},{"@type":"ImageObject","inLanguage":"fr-FR","@id":"https:\/\/hotel-audotel.com\/index.php\/mentions-legales\/#primaryimage","url":"https:\/\/hotel-audotel.com\/wp-content\/uploads\/2022\/02\/logo.png","contentUrl":"https:\/\/hotel-audotel.com\/wp-content\/uploads\/2022\/02\/logo.png","width":269,"height":197,"caption":"Logo Audotel Hotel Carcassonne proche de la cit\u00e9 m\u00e9di\u00e9vale de Carcassonne Aude France"},{"@type":"BreadcrumbList","@id":"https:\/\/hotel-audotel.com\/index.php\/mentions-legales\/#breadcrumb","itemListElement":[{"@type":"ListItem","position":1,"name":"Home","item":"https:\/\/hotel-audotel.com\/"},{"@type":"ListItem","position":2,"name":"Mentions l\u00e9gales"}]},{"@type":"WebSite","@id":"https:\/\/hotel-audotel.com\/#website","url":"https:\/\/hotel-audotel.com\/","name":"HOTEL AUDOTEL CARCASSONNE 2 ETOILES HOTEL PAS CHER","description":"Audotel","publisher":{"@id":"https:\/\/hotel-audotel.com\/#organization"},"potentialAction":[{"@type":"SearchAction","target":{"@type":"EntryPoint","urlTemplate":"https:\/\/hotel-audotel.com\/?s={search_term_string}"},"query-input":{"@type":"PropertyValueSpecification","valueRequired":true,"valueName":"search_term_string"}}],"inLanguage":"fr-FR"},{"@type":"Organization","@id":"https:\/\/hotel-audotel.com\/#organization","name":"HOTEL AUDOTEL","url":"https:\/\/hotel-audotel.com\/","logo":{"@type":"ImageObject","inLanguage":"fr-FR","@id":"https:\/\/hotel-audotel.com\/#\/schema\/logo\/image\/","url":"https:\/\/hotel-audotel.com\/wp-content\/uploads\/2022\/02\/logo.png","contentUrl":"https:\/\/hotel-audotel.com\/wp-content\/uploads\/2022\/02\/logo.png","width":269,"height":197,"caption":"HOTEL AUDOTEL"},"image":{"@id":"https:\/\/hotel-audotel.com\/#\/schema\/logo\/image\/"},"sameAs":["https:\/\/www.facebook.com\/audotel\/","https:\/\/www.instagram.com\/audotelcarcassonne\/","https:\/\/www.linkedin.com\/company\/audotel-sarl\/"]}]}},"_links":{"self":[{"href":"https:\/\/hotel-audotel.com\/index.php\/wp-json\/wp\/v2\/pages\/1359"}],"collection":[{"href":"https:\/\/hotel-audotel.com\/index.php\/wp-json\/wp\/v2\/pages"}],"about":[{"href":"https:\/\/hotel-audotel.com\/index.php\/wp-json\/wp\/v2\/types\/page"}],"author":[{"embeddable":true,"href":"https:\/\/hotel-audotel.com\/index.php\/wp-json\/wp\/v2\/users\/3"}],"replies":[{"embeddable":true,"href":"https:\/\/hotel-audotel.com\/index.php\/wp-json\/wp\/v2\/comments?post=1359"}],"version-history":[{"count":0,"href":"https:\/\/hotel-audotel.com\/index.php\/wp-json\/wp\/v2\/pages\/1359\/revisions"}],"wp:featuredmedia":[{"embeddable":true,"href":"https:\/\/hotel-audotel.com\/index.php\/wp-json\/wp\/v2\/media\/702"}],"wp:attachment":[{"href":"https:\/\/hotel-audotel.com\/index.php\/wp-json\/wp\/v2\/media?parent=1359"}],"curies":[{"name":"wp","href":"https:\/\/api.w.org\/{rel}","templated":true}]}}